 of 264 and 2443496.
88
What is the highest common divisor of 128 and 1252?
4
What is the highest common divisor of 341 and 243629?
31
Calculate the greatest common divisor of 4078 and 7.
1
What is the greatest common factor of 608 and 1256?
8
Calculate the highest common factor of 9088 and 141716.
284
What is the greatest common divisor of 64 and 136256?
64
What is the highest common divisor of 5624 and 183483?
703
What is the highest common factor of 54 and 17397?
9
What is the greatest common factor of 40199 and 244?
61
Calculate the highest common divisor of 2212 and 1316.
28
Calculate the highest common divisor of 250821 and 522.
261
What is the highest common factor of 780780 and 17710?
770
What is the greatest common factor of 817 and 19049?
43
What is the highest common divisor of 307814 and 78?
26
Calculate the highest common factor of 35910 and 108.
54
Calculate the greatest common divisor of 262 and 23.
1
What is the highest common divisor of 3 and 6461?
1
Calculate the highest common divisor of 50297 and 318.
53
Calculate the highest common divisor of 552104 and 56.
56
What is the highest common factor of 1730 and 16280?
10
What is the greatest common factor of 19018 and 74?
74
What is the greatest common factor of 14 and 259?
7
What is the greatest common divisor of 280 and 303100?
140
Calculate the greatest common divisor of 43 and 835103.
43
Calculate the greatest common factor of 100525 and 25.
25
Calculate the highest common factor of 2848 and 77519.
89
Calculate the greatest common factor of 2 and 7739.
1
What is the greatest common divisor of 280 and 42805?
35
What is the highest common divisor of 20 and 68308?
4
Calculate the greatest common factor of 65 and 4714645.
65
Calculate the highest common factor of 1691 and 89.
89
Calculate the highest common factor of 17640 and 2295.
45
What is the greatest common divisor of 71082 and 666?
18
Calculate the greatest common factor of 650 and 15002.
26
Calculate the highest common divisor of 57 and 1957.
19
What is the greatest common factor of 24167 and 429?
143
Calculate the highest common factor of 85987 and 22.
11
What is the greatest common divisor of 113 and 318547?
113
What is the greatest common factor of 22 and 119317?
11
What is the greatest common factor of 389 and 636793?
389
What is the highest common divisor of 1962 and 380737?
109
Calculate the greatest common divisor of 1606 and 44.
22
Calculate the highest common divisor of 234 and 170040.
78
What is the greatest common divisor of 13442 and 24?
2
Calculate the highest common divisor of 625 and 239375.
625
What is the greatest common factor of 1256 and 846544?
1256
What is the greatest common divisor of 37 and 177785?
37
Calculate the greatest common factor of 96 and 16272.
48
What is the highest common divisor of 28 and 1433572?
28
What is the greatest common divisor of 897 and 17628?
39
What is the greatest common factor of 1628 and 20504?
44
Calculate the highest common factor of 102 and 56958.
6
Calculate the highest common factor of 230 and 52164.
46
Calculate the highest common divisor of 210 and 1119230.
70
Calculate the greatest common divisor of 256 and 165248.
128
Calculate the highest common factor of 495 and 22825.
55
Calculate the greatest common divisor of 236640 and 1200.
240
Calculate the greatest common divisor of 369 and 243657.
9
What is the greatest common factor of 23727 and 6534?
33
Calculate the highest common factor of 1675163 and 119.
119
Calculate the greatest common divisor of 9009 and 308.
77
What is the highest common divisor of 137822 and 274?
274
What is the highest common factor of 414 and 2934?
18
What is the highest common divisor of 1043 and 179992?
149
What is the highest common divisor of 152 and 52792?
8
What is the highest common factor of 17415 and 1505?
215
What is the greatest common factor of 56 and 20314?
14
What is the greatest common divisor of 17865 and 225?
45
What is the greatest common factor of 18938 and 986?
34
Calculate the highest common factor of 3003 and 416.
13
What is the highest common divisor of 100 and 5660?
20
Calculate the highest common factor of 3253565 and 70.
35
Calculate the highest common factor of 57401 and 305.
61
What is the greatest common factor of 15120 and 41265?
315
What is the highest common factor of 13146 and 2504?
626
Calculate the highest common divisor of 570486 and 578.
578
What is the highest common divisor of 1965 and 405?
15
Calculate the greatest common factor of 53 and 3380234.
53
What is the greatest common factor of 6 and 411126?
6
Calculate the highest common factor of 6532764 and 168.
84
What is the highest common divisor of 17 and 6728549?
17
Calculate the greatest common factor of 10192764 and 492.
492
Calculate the highest common factor of 133504 and 32.
32
Calculate the greatest common factor of 289728 and 576.
576
What is the greatest common divisor of 1532050 and 130?
130
Calculate the highest common factor of 87639 and 393.
393
What is the highest common divisor of 7839 and 455?
13
What is the highest common divisor of 259992 and 4692?
276
What is the highest common divisor of 2929762 and 19?
19
Calculate the greatest common factor of 614746 and 88.
22
What is the greatest common divisor of 5247 and 705430?
583
Calculate the highest common factor of 887320 and 84.
28
Calculate the greatest common factor of 178 and 2141429.
89
What is the greatest common factor of 351 and 471497?
13
Calculate the highest common factor of 350 and 28900.
50
Calculate the greatest common divisor of 58005 and 1125.
45
What is the highest common divisor of 28 and 856128?
28
What is the greatest common divisor of 18 and 2629386?
18
What is the highest common divisor of 270 and 11670?
30
What is the greatest common divisor of 451 and 199?
1
Calculate the highest common factor of 12 and 1584.
12
What is the highest common divisor of 323 and 11509?
17
What is the highest common factor of 5 and 1902585?
5
Calculate the greatest common factor of 245 and 1197805.
245
Calculate the highest common divisor of 735723 and 7325.
293
Calculate the greatest common divisor of 77 and 3806.
11
What is the greatest common factor of 1550 and 10082750?
1550
What is the greatest common factor of 2706 and 20172?
246
Calculate the greatest common factor of 59345 and 44.
11
What is the highest common divisor of 2076 and 240?
12
What is the highest common divisor of 88 and 73856?
8
What is the highest common factor of 323 and 19057?
323
Calculate the highest common divisor of 27506 and 578.
34
What is the greatest common factor of 281671 and 15275?
611
Calculate the greatest common divisor of 2574 and 891.
99
Calculate the highest common divisor of 243 and 40851.
27
What is the greatest common factor of 73952 and 32?
32
Calculate the highest common factor of 289 and 51187.
17
Calculate the highest common factor of 48 and 15900.
12
What is the greatest common factor of 26830 and 50?
10
What is the highest common divisor of 298 and 446255?
149
What is the highest common divisor of 365868 and 162?
18
Calculate the greatest common divisor of 8 and 2036.
4
What is the greatest common divisor of 7580 and 670?
10
Calculate the highest common factor of 15617 and 8855.
161
What is the greatest common divisor of 7851075 and 75?
75
What is the greatest common factor of 542460 and 24?
12
Calculate the greatest common factor of 270355 and 50040.
695
Calculate the highest common divisor of 26780 and 60.
20
Calculate the highest common factor of 776 and 4096.
8
Calculate the greatest common factor of 6409 and 11713.
221
Calculate the greatest common factor of 2074 and 3511282.
2074
What is the highest common divisor of 378 and 208866?
42
What is the highest common factor of 10811 and 15363?
569
What is the greatest common divisor of 7 and 3542?
7
Calculate the greatest common divisor of 45524 and 342.
38
What is the greatest common divisor of 297 and 619245?
297
Calculate the greatest common factor of 23344 and 80.
16
What is the greatest common factor of 72216 and 1176?
24
Calculate the highest common factor of 65 and 22585.
5
Calculate the highest common factor of 16821 and 178356.
267
Calculate the greatest common divisor of 156556 and 4.
4
What is the greatest common divis